{"id":325,"date":"2019-05-23T00:54:28","date_gmt":"2019-05-22T22:54:28","guid":{"rendered":"https:\/\/storkcargobike.com\/?post_type=product&#038;p=325"},"modified":"2021-11-14T22:07:38","modified_gmt":"2021-11-14T21:07:38","slug":"namiot-sloneczno-deszczowy","status":"publish","type":"product","link":"https:\/\/storkcargobike.com\/index.php\/produkt\/namiot-sloneczno-deszczowy\/","title":{"rendered":"Namiot s\u0142oneczno-deszczowy"},"content":{"rendered":"","protected":false},"excerpt":{"rendered":"<p>Namiot przydaje si\u0119 o ka\u017cdej porze roku. Zim\u0105 chroni przed nisk\u0105 temperatur\u0105, wiatrem oraz opadami. Latem du\u017cy dach zapewnia cie\u0144, a trzy otwierane okna umo\u017cliwiaj\u0105 przyjemn\u0105 wentylacj\u0119.<\/p>\n<p>Stela\u017c zosta\u0142 zaprojektowany w taki spos\u00f3b, by namiot mie\u015bci\u0142 dw\u00f3jk\u0119 dzieci na \u0142awce oraz niemowl\u0119 w noside\u0142ku z adapterem &#8222;Baby Mee&#8221;. Jednocze\u015bnie namiot jest na tyle niski, \u017ce nie wystaje nad kierownic\u0119. Dzi\u0119ki temu zapewniona jest dobra widoczno\u015b\u0107, ma\u0142e opory powietrza i mo\u017cliwie niewielka wra\u017cliwo\u015b\u0107 na podmuchy boczne.<\/p>\n<p>Optymalny kszta\u0142t namiotu uzyskasz za pomoc\u0105 regulowanych pask\u00f3w oraz poprzecznej rozp\u00f3rki stela\u017ca. Dodatkowe paski zamocowane do bocznych okien umo\u017cliwiaj\u0105 otwarcie tylnych zamk\u00f3w. Dzi\u0119ki temu podczas jazdy dzieci maj\u0105 zapewnion\u0105 delikatn\u0105 wentylacj\u0119, a tylna po\u0142a\u0107 okna pozostaje napi\u0119ta.<\/p>\n<p>Dolna kraw\u0119d\u017a namiotu jest wyko\u0144czona z 4 stron paskiem odblaskowym. Dzi\u0119ki niemu rower staje si\u0119 jeszcze bardziej widoczny na drodze.<\/p>\n<p>&nbsp;<\/p>\n","protected":false},"featured_media":406,"template":"","meta":[],"product_brand":[],"product_cat":[15],"product_tag":[],"class_list":{"0":"post-325","1":"product","2":"type-product","3":"status-publish","4":"has-post-thumbnail","6":"product_cat-akcesoria","7":"product_shipping_class-akcesoria","9":"first","10":"instock","11":"taxable","12":"shipping-taxable","13":"purchasable","14":"product-type-simple"},"_links":{"self":[{"href":"https:\/\/storkcargobike.com\/index.php\/wp-json\/wp\/v2\/product\/325","targetHints":{"allow":["GET"]}}],"collection":[{"href":"https:\/\/storkcargobike.com\/index.php\/wp-json\/wp\/v2\/product"}],"about":[{"href":"https:\/\/storkcargobike.com\/index.php\/wp-json\/wp\/v2\/types\/product"}],"version-history":[{"count":6,"href":"https:\/\/storkcargobike.com\/index.php\/wp-json\/wp\/v2\/product\/325\/revisions"}],"predecessor-version":[{"id":863,"href":"https:\/\/storkcargobike.com\/index.php\/wp-json\/wp\/v2\/product\/325\/revisions\/863"}],"wp:featuredmedia":[{"embeddable":true,"href":"https:\/\/storkcargobike.com\/index.php\/wp-json\/wp\/v2\/media\/406"}],"wp:attachment":[{"href":"https:\/\/storkcargobike.com\/index.php\/wp-json\/wp\/v2\/media?parent=325"}],"wp:term":[{"taxonomy":"product_brand","embeddable":true,"href":"https:\/\/storkcargobike.com\/index.php\/wp-json\/wp\/v2\/product_brand?post=325"},{"taxonomy":"product_cat","embeddable":true,"href":"https:\/\/storkcargobike.com\/index.php\/wp-json\/wp\/v2\/product_cat?post=325"},{"taxonomy":"product_tag","embeddable":true,"href":"https:\/\/storkcargobike.com\/index.php\/wp-json\/wp\/v2\/product_tag?post=325"}],"curies":[{"name":"wp","href":"https:\/\/api.w.org\/{rel}","templated":true}]}}